
Let p be 5*2/(3 + -2). What is the greatest common factor of 70 and p?
10
Suppose -8 = -4*f + 6*f. Let c = f - 17. Let r = -6 - c. Calculate the greatest common factor of 15 and r.
15
Let z(f) = 3*f**2 + f - 2. Let t be z(1). Calculate the highest common divisor of 26 and t.
2
Suppose -2*y = -3*y + 12. Suppose 36 = 4*l + y. Let z(w) = -w**3 + 6*w**2 + 2*w + 1. Let s be z(l). What is the highest common divisor of 143 and s?
13
Let o = 31 - 22. Let h be (0 - (-6)/o)*24. What is the greatest common divisor of h and 8?
8
Let g = -16 - -81. Calculate the greatest common divisor of g and 260.
65
Let k be 5*((-4)/10 + -2). Let b = -2 - k. Suppose a = 4*t - 120, 3*t = 2*a - a + 90. What is the highest common factor of t and b?
10
Suppose c - 95 = -5*s, 2*s - 9 - 16 = -3*c. Calculate the greatest common divisor of 20 and s.
20
Let h be 1/(2/58) - 2. Suppose 0 = z + h - 115. Calculate the highest common divisor of z and 8.
8
Let x(b) = -b**3 + 13*b**2 + 14*b + 5. Let l be x(14). Calculate the greatest common divisor of 45 and l.
5
Let x be 1/(((-30)/(-108))/5). Calculate the highest common factor of x and 36.
18
Let o(g) = -270*g - 4. Let q be o(-1). Calculate the highest common divisor of 38 and q.
38
Suppose 0 = -3*m - m + 8. Let h(j) = 7*j**3 + 3*j**2 - 2*j**2 - 6*j**3 + 0 - 2. Let n be h(m). What is the greatest common divisor of n and 10?
10
Suppose -4*t = 3*m - 1, 5*m + 0*m = -5. Suppose 4*p + 7 = 4*h - h, -17 = -3*h + 2*p. What is the highest common factor of t and h?
1
Suppose -55 = 4*q - 215. Suppose q = -c + 6*c. Calculate the highest common divisor of c and 72.
8
Let h(f) = -f**2 - 8*f. Let m be h(-6). Let q = m - 4. What is the greatest common divisor of q and 20?
4
Let u be -6*(-65)/10 - 3. What is the greatest common factor of 48 and u?
12
Suppose 0 = -4*y + 2*a + 26 + 20, 0 = 2*y + a - 17. Suppose -25 - y = -5*v. What is the highest common factor of v and 1?
1
Suppose 0 = -5*y + 2*n + 65, -2*y - 2*n = -5*n - 26. Calculate the highest common factor of 26 and y.
13
Let x be 2/2 - 11/11. Suppose -4*h + 4*c = -36, -h - 5*c + x = 9. Let z be (-1)/(-2) + 118/4. Calculate the highest common divisor of z and h.
6
Let w be ((-2)/3)/((-2)/48). Suppose -w = 4*u, -n + 4*u + u = -75. Suppose 4*x - 10 = 2*x. Calculate the highest common divisor of x and n.
5
Let m(k) = 3*k**2 + 7*k + 8. Let t be m(-4). What is the greatest common divisor of 14 and t?
14
Suppose 5*j - 14 = -3*y, 3*j + 2*j - 5 = 0. Suppose -1 = p - 7. Let f = p - y. Calculate the greatest common factor of 33 and f.
3
Suppose 0*i + 148 = 2*j + 4*i, 4*i = -4*j + 292. Calculate the highest common factor of 9 and j.
9
Let d be ((-180)/(-8))/(-9)*-2. Let n be ((-9)/(-2))/(4/40). What is the greatest common divisor of n and d?
5
Let k(g) = 6*g**2 - g - 6. Let u be k(5). Suppose 2*o - 70 = -2*p, 6*o = -4*p + o + u. What is the greatest common divisor of 4 and p?
4
Let k(d) = -d**3 + 21*d**2 + 21*d + 34. Let v be k(22). Suppose -2*i - 3 + 63 = 0. Calculate the greatest common divisor of i and v.
6
Suppose -5*n = 2*p - 7*p - 80, 3*n = -3*p + 18. Let o = 115 + -27. Calculate the greatest common factor of n and o.
11
Let u(c) = 34*c**2 + 3*c + 2. Let z be u(-1). What is the greatest common factor of z and 11?
11
Let g(k) = -2*k**2 + 7*k - 7. Let o be g(5). Let f be -3*6*(-6)/(-27). Let z = f - o. What is the greatest common factor of 72 and z?
18
Suppose -3*q = -7*q + 8. Let p(b) = -b**3 + b**2 + 3*b - 3. Let d be p(q). Let o be (2/(-6))/(d/3). What is the highest common factor of o and 5?
1
Suppose -3*z = -m + 28 + 3, 0 = z - 5. Suppose -3*o + g = -m - 39, -5*o - 4*g = -170. What is the highest common factor of 75 and o?
15
Suppose -22*s - 16 = -23*s. What is the highest common factor of s and 80?
16
Suppose -14 = -2*y + 12. Calculate the greatest common divisor of y and 143.
13
Suppose -5*s + 8 = -2*y - 0*y, 0 = 2*y - 2. Suppose 3*r = 6, -h + 4*r - 6 = -s. What is the highest common divisor of h and 28?
4
Let i be -6*(-464)/(-36)*-3. What is the greatest common factor of i and 29?
29
Suppose 3*o + 20 = -2*o. Let v be (o/6)/(2/(-15)). Calculate the highest common divisor of v and 45.
5
Suppose 5*t - 55 = 5*l, -3*l + 3*t - 38 = -t. Let n(c) = -c**3 - 5*c**2 + 4*c. Let s be n(l). Calculate the greatest common factor of 6 and s.
6
Let d(c) = 2 + 9*c - c + 7*c - 2*c. Let s be d(2). Calculate the highest common factor of s and 4.
4
Let v(a) = a - 5. Let c be v(7). What is the greatest common divisor of c and 6?
2
Let b(s) = 2*s**2 + s - 3. Let z be b(3). What is the highest common factor of 18 and z?
18
Let s(t) = t - 2. Let c be s(5). Suppose -286 = c*w - 82. Let q = 13 - w. Calculate the highest common divisor of q and 9.
9
Let n(k) be the first derivative of 2*k**3/3 + 5*k**2 + 6*k - 2. Let z be (2/(-3))/((-2)/(-18)). Let b be n(z). Calculate the highest common factor of 45 and b.
9
Let i(s) = -s + 3. Let m be i(0). Let a = -8 + 12. Suppose -k = 2*p + 2, 5*p + 14 = a*k + 2*p. Calculate the highest common divisor of m and k.
1
Let z = 12 + 0. What is the highest common divisor of 9 and z?
3
Suppose -2*b = -0*b + f - 11, 4*f + 10 = b. Let p(a) = 8*a. Let q be p(b). Let y = -20 - -32. What is the greatest common factor of q and y?
12
Suppose 4*j + 39 = -4*s - 109, 150 = -4*j - 2*s. Let d = 2 - j. Calculate the highest common factor of d and 4.
4
Let h be (-3 + (-51)/9 + 2)*-3. Calculate the highest common factor of h and 70.
10
Suppose -4*o = -4*t + 12, -2*t - 2*t = -20. Suppose 0 = 5*u + 2*k - 35, o*k = 4*u - 2*k. What is the greatest common factor of u and 2?
1
Suppose -c = 5*g + 501, g - 3*g - 205 = 5*c. Let r = g - -155. Suppose 9*k - 110 = 4*k. Calculate the highest common factor of r and k.
11
Let y(s) = -20*s**2 + 9*s - 14. Let p(j) = -7*j**2 + 3*j - 5. Let c(g) = 8*p(g) - 3*y(g). Let d be c(2). What is the greatest common factor of d and 12?
12
Suppose i - 130 = -4*i. Suppose 0*z + 2*z - i = 0. Calculate the greatest common factor of z and 117.
13
Let l(j) = 9*j + 7. Let n(f) = -8*f + 2*f - 4*f + 2 - 10. Let p(o) = -7*l(o) - 6*n(o). Let s be p(-6). What is the greatest common factor of s and 51?
17
Let r(d) = d + 4. Let x be r(4). Let t(c) = -c**3 - 3*c**2 - c - 4. Let b be t(-4). What is the greatest common factor of x and b?
8
Let c = 14 - -6. Let x(z) = -2 - 1 - 2*z + 3*z. Let v be x(5). What is the greatest common divisor of c and v?
2
Suppose s - 2*i + 56 = 0, 0 = s - 0*s + i + 56. Let u be (-63)/28*s/3. Let o be (-2 - 0)*(-8 + 1). Calculate the greatest common factor of u and o.
14
Let l(w) = -26*w - 20. Let x be l(-5). Calculate the greatest common factor of 10 and x.
10
Let l(a) = -2*a**2 - 27*a - 25. Let t be l(-12). Calculate the greatest common divisor of t and 44.
11
Suppose -g = -2*p - 10 - 2, 5*g + 4*p = -10. Suppose d = g*d - 9. What is the greatest common factor of 72 and d?
9
Suppose 4*u + q - 24 = 23, 2*u + q - 21 = 0. Let a = 20 - u. Let j(s) = s**2 - s + 7. Let y be j(-7). Calculate the highest common factor of y and a.
7
Let l(i) = i**2 + 2*i + 3. Suppose 14 = 4*m - 2*m. Let b be l(m). What is the highest common divisor of b and 44?
22
Let w be -1 - 3 - -30 - -4. Calculate the greatest common divisor of w and 12.
6
Let i = 30 - 13. What is the highest common factor of 153 and i?
17
Let m(b) = 2*b**2 + 15*b + 3. Let u be (3/(-6))/(-1)*-22. Let i be m(u). What is the greatest common divisor of i and 20?
20
Suppose 5*i - 105 = 5*q, -2*q = -4*i + q + 81. What is the highest common divisor of 162 and i?
18
Let y be 2/6 + (-4472)/24. Let m be (0 - (y - 1)) + 2. Calculate the greatest common divisor of 27 and m.
27
Suppose 77 = 2*o - 65. Let l = o - 39. Calculate the greatest common factor of l and 48.
16
Let v be (-4)/4 + 5 + 1. Suppose 0 = 2*s - 3*c + v*c - 64, 0 = -c. Calculate the highest common divisor of s and 8.
8
Suppose -s + 99 = n, -3*s + 2*s = 4*n - 399. Calculate the greatest common factor of n and 40.
20
Suppose -2*l + b = l - 30, b - 24 = -3*l. Let o = 203 + -72. Let s = -59 + o. What is the greatest common divisor of l and s?
9
Let n be 97/4 - 1/4. Suppose -3*f + 51 = -n. Calculate the greatest common factor of 75 and f.
25
Let k be 0 + (3 - (3 + -3)). Suppose -k*w + 5*w - 84 = 0. What is the greatest common factor of 14 and w?
14
Let y(k) = k**2 - 4*k + 2. Le